 - 2194913. What is l(-218)?
-89
Let v(k) = -2*k**3 - 213*k**2 + 1841*k - 16. Calculate v(8).
56
Let q(m) = 2168*m + 5629. Give q(-3).
-875
Let o(u) = -u**3 - 27*u**2 - 485*u - 3397. Give o(-11).
2
Let a(d) = -d**3 - 152*d**2 + 116*d - 53968. What is a(-155)?
127
Let u(d) = -4*d**3 - 262*d**2 - 1139*d - 2487. Calculate u(-61).
14
Let v(u) = u**3 + 37*u**2 + u + 1906. Give v(-41).
-4859
Let h(u) = -10121*u - 3704283. Calculate h(-366).
3
Let n(l) = -34818*l + 1218635. What is n(35)?
5
Let y(p) = 6*p**2 + 320*p + 4056. Give y(-33).
30
Let a(i) = i**3 + 745*i**2 + 651*i - 69305. Give a(-744).
-113
Let s(i) = 115147*i + 230301. Give s(-2).
7
Let m(s) = 29*s**2 + 653*s - 326. What is m(-23)?
-4
Let v(g) = -g**3 + 31*g**2 - 84*g + 5063. Determine v(33).
113
Let i(g) = 8563*g - 16562. Give i(2).
564
Let s(z) = -194*z + 2204. Give s(15).
-706
Let h(g) = 33*g - 1918. Determine h(121).
2075
Let z(v) = 2*v**3 + 87*v**2 + 868*v - 971. Give z(-26).
121
Let b(f) = -721*f - 41250. Determine b(-57).
-153
Let v(m) = -4*m**3 - 37*m**2 + 2100*m - 21. What is v(-28)?
-21
Let x(c) = 102606*c + 923472. What is x(-9)?
18
Let f(v) = -2*v**2 + 321*v + 1306. Calculate f(-4).
-10
Let i(a) = 4430*a + 61973. Give i(-14).
-47
Let b(z) = 61*z**3 - 123*z**2 + z + 9. What is b(2)?
7
Let y(o) = 25*o**2 + 948*o - 575. Determine y(-41).
2582
Let c(q) = -10*q**3 + 1048*q**2 - 834*q + 214. Determine c(104).
6
Let b(w) = -w**3 - 123*w**2 - 132*w - 31739. Calculate b(-124).
5
Let j(b) = -b**3 - 16*b**2 - 41*b + 137. What is j(-18)?
1523
Let w(n) = -n**3 + 106*n**2 + 1745*n - 7794. Calculate w(120).
6
Let u(a) = 7*a**3 - 23*a**2 - 102*a + 556. Determine u(6).
628
Let v(t) = -t**3 + 94*t**2 + 662*t + 5141. What is v(101)?
596
Let h(n) = 111*n**2 + 18301*n - 2320. Determine h(-165).
-10
Let h(c) = c**3 - 5*c**2 + 186*c - 1138. Give h(6).
14
Let u(m) = -1009*m + 3892. What is u(4)?
-144
Let s(p) = 4*p**3 - 94*p**2 + 420*p. Determine s(6).
0
Let u(b) = -140*b + 6934. Give u(49).
74
Let w(u) = -2*u**3 + 37*u**2 - 55*u. Determine w(18).
-666
Let n(i) = 10831*i + 55073. Give n(-5).
918
Let o(z) = -z**3 - 40*z**2 - 470*z - 19744. Give o(-39).
-2935
Let d(o) = 262*o**3 - 22792*o**2 - 177*o + 270. Determine d(87).
9
Let k(w) = -w**3 + 201*w**2 + 1892*w + 15. Determine k(-9).
-3
Let w(b) = -293*b**2 + 128*b + 140. What is w(-1)?
-281
Let s(m) = m**3 - 15*m**2 + 2*m - 5. Calculate s(15).
25
Let d(w) = -52*w**3 - 415*w**2 + 128*w + 959. What is d(-8)?
-1
Let l(s) = -2*s**2 - 13126*s + 2082586. What is l(155)?
6
Let h(y) = 9*y**2 - 179*y + 856. Give h(12).
4
Let x(p) = -208457*p + 6670641. What is x(32)?
17
Let r(i) = 21*i**3 - 83*i**2 + 32*i - 152. What is r(4)?
-8
Let u(t) = -91*t + 7004. Determine u(74).
270
Let z(w) = 9*w**3 - 325*w**2 + 12*w + 866. Calculate z(36).
2
Let b(m) = -1114*m**3 + 11*m**2 + 8*m - 16. Determine b(1).
-1111
Let o(b) = 1213*b + 47324. Determine o(-39).
17
Let p(c) = -589*c + 17339. Calculate p(25).
2614
Let j(t) = -1035*t + 92117. Give j(89).
2
Let n(h) = 248*h**2 + 14373*h - 192. Determine n(-58).
446
Let i(y) = y**2 + 6360*y + 12723. Calculate i(-2).
7
Let h(v) = v**3 + 35*v**2 + 55*v - 2755. Calculate h(-30).
95
Let g(z) = 20*z**2 + 364*z - 109. Give g(-19).
195
Let h(q) = 1147*q - 36724. Give h(32).
-20
Let c(m) = 3959*m - 19518. What is c(4)?
-3682
Let c(b) = 96*b + 2588. Give c(-33).
-580
Let u(z) = 3661*z - 567448. Determine u(155).
7
Let p(s) = 12*s**2 + 108*s - 255. Give p(-11).
9
Let w(a) = 28209*a - 1890001. What is w(67)?
2
Let f(m) = -1068*m + 83312. Calculate f(78).
8
Let d(c) = c**3 + 5*c**2 - 170*c - 2. Determine d(12).
406
Let q(r) = -4*r**2 - 154400*r + 308800. Determine q(2).
-16
Let p(g) = 3*g**3 + 186*g**2 - 183*g - 1153. Calculate p(-63).
-1531
Let x(p) = -39*p**2 + 333*p - 744. What is x(6)?
-150
Let o(b) = 7*b**2 + 1262*b + 51849. Give o(-117).
18
Let j(y) = 2427*y - 152386. Give j(62).
-1912
Let f(n) = 71*n - 3846. Determine f(54).
-12
Let d(f) = -1093774*f - 7656404. What is d(-7)?
14
Let l(g) = -13*g**3 - 523*g**2 - 90*g + 641. Give l(-40).
-559
Let d(n) = -42*n**2 + 12*n - 100. Give d(5).
-1090
Let l(n) = -1840*n**2 + 12870*n + 65. Give l(7).
-5
Let v(o) = 63451*o + 317395. Determine v(-5).
140
Let z(m) = m**3 - 270*m**2 - 379*m + 174317. What is z(269)?
5
Let v(y) = -y**2 - 509*y + 31535. What is v(56)?
-105
Let w(z) = -7*z**2 + 937*z + 281. Give w(134).
147
Let o(j) = -j**3 + 220*j**2 - 2926*j + 756. Give o(14).
168
Let h(m) = -2*m**2 - 919*m - 10857. Calculate h(-12).
-117
Let v(o) = 2*o - 133. Determine v(-47).
-227
Let v(i) = -3863*i + 722387. Give v(187).
6
Let v(q) = 11533*q + 68017. What is v(-6)?
-1181
Let a(x) = -x**3 - 43*x**2 - 495*x - 1362. Give a(-13).
3
Let z(y) = -4*y**2 + 73*y - 654. Calculate z(16).
-510
Let u(i) = -i**3 - 104*i**2 - 327*i - 2400. Determine u(-101).
24
Let a(p) = -939*p + 4341. Determine a(10).
-5049
Let d(w) = w**2 - 447*w + 35193. Determine d(345).
3
Let y(l) = -56*l + 6172. Give y(118).
-436
Let o(u) = 8897*u + 240218. Give o(-27).
-1
Let t(h) = 26159*h + 104643. Give t(-4).
7
Let h(i) = -7*i**2 - 845*i + 1695. What is h(2)?
-23
Let y(n) = -3*n**2 + 257*n + 12678. Give y(-35).
8
Let n(x) = 21672*x - 671822. Give n(31).
10
Let g(f) = 117*f**2 + 3518*f + 112. Determine g(-30).
-128
Let j(t) = 16*t + 5425. Give j(-42).
4753
Let h(j) = 264*j**3 + 2110*j**2 - 40*j - 190. Calculate h(-8).
2
Let o(y) = -242*y**2 + 2519*y + 2520. Calculate o(-1).
-241
Let m(u) = -1210*u - 3678. Calculate m(-3).
-48
Let d(v) = -5*v**2 - 31*v + 337. Calculate d(-13).
-105
Let s(a) = -2*a**2 - 172*a + 2123. What is s(-95)?
413
Let m(z) = -z**2 - 944*z + 21203. Give m(22).
-49
Let z(v) = -6*v**3 - 55*v**2 - 28*v + 15. Give z(-6).
-501
Let c(w) = 3889*w + 58747. Determine c(-15).
412
Let y(f) = 35197*f + 421855. Calculate y(-12).
-509
Let y(w) = -w**2 - 16*w + 17453. Calculate y(-140).
93
Let i(y) = -12326*y - 110909. Determine i(-9).
25
Let i(c) = c**2 + 91394*c + 2101541. What is i(-23)?
8
Let c(n) = 1762*n - 925016. What is c(525)?
34
Let g(s) = -2655*s - 650. What is g(0)?
-650
Let t(f) = -f**3 + 257*f**2 - 503*f - 1850. Give t(255).
-65
Let p(c) = 20377*c + 672437. What is p(-33)?
-4
Let g(w) = -w**3 - 202*w**2 + 6444*w + 927. Give g(-230).
7
Let v(u) = -8*u**3 - 89*u**2 + 7*u + 24. Determine v(-11).
-174
Let q(x) = 10*x**3 + x**2 - 10*x - 17. Give q(-1).
-16
Let g(i) = 1034*i**2 + 108567*i - 330. Determine g(-105).
-15
Let t(s) = -205*s**2 - 460*s - 12. What is t(-2)?
88
Let g(w) = -5*w**2 + 1167*w - 67337. Give g(129).
1
Let o(d) = d**2 - 124*d + 1262. Give o(113).
19
Let m(k) = k**3 + 11*k**2 - 1968*k + 18970. Give m(11).
-16
Let y(r) = -5*r**3 - 353*r**2 - 6005*r + 32. Calculate y(-42).
-10
Let h(o) = -3628*o + 602183. Give h(166).
-65
Let u(l) = l**3 - 11*l**2 - 71*l - 31. Calculate u(-9).
-1012
Let t(b) = 46*b - 5366. Calculate t(118).
62
Let i(w) = -2*w**3 + 50*w**2 - 32*w + 94. Calculate i(24).
478
Let w(j) = -71*j**3 + 101*j**2 + 314*j + 52. Calculate w(-3).
1936
Let k(w) = 31*w - 3387. Determine k(105).
-132
Let m(d) = d**2 - 1528*d - 652839. Determine m(-348).
9
Let h(i) = -i**3 - 15*i**2 + 162*i + 104. What is h(8)?
-72
Let s(k) = 1632*k**2 + 2958819*k + 5437. Calculate s(-1813).
-2
Let t(b) = 13*b**3 + 2*b**2 - 5679*b - 5682. What is t(-1)?
-14
Let x(v) = -62349*v - 623477. What is x(-10)?
13
Let p(c) = -6*c**2 + 641*c - 9895. What is p(88)?
49
Let y(c) = -c**3 + 143*c**2 + 3607*c - 557. What is y(-22)?
-51
Let r(m) = -53*m**2 - 662*m + 1517. What is r(2)?
-19
Let d(b) = -7680*b - 1574545. What is d(-205)?
-145
Let c(m) = 2*m**2 + 214*m + 5935. Give c(-78).
1411
Let d(p) = 3*p**2 + 2006*p - 59048. Give d(30).
3832
Let b(z) = 2*z**2 + 59*z - 17252. Calculate b(-109).
79
Let m(o) = -10*o**2 + 80*o - 424. Calculate m(5).
-274
Let q(o) = 79*o**2 + 1002*o - 8884. Determine q(6).
-28
Let i(v) = -v**3 + 27*v**2 - 22*v - 477. Give i(25).
223
Let i(o) = 154*o**2 - 326*o - 483. Give i(-1).
-3
Let j(l) = -l**3 - 24*l**2 + 180*l + 1019. Give j(-29).
4
Let p(x) = x**3 + 43*x**2 + 201*x + 4914. What is p(-41)?
35
Let l(x) = -x**3 - 35*x**2 + 687*x - 126. What is l(15)?
-1071
Let p(d) = 4202040*d + 12606118. Give p(-3).
-2
Let v(n) = -5*n**2 + 584*n - 4388. Determine v(8).
-36
Let g(z) = 4*z**2 - 438*z - 2769. Determine g(-6)